er when 2465418 is divided by 20.
18
What is the remainder when 873537 is divided by 92?
89
What is the remainder when 1102100 is divided by 13776?
20
What is the remainder when 3800 is divided by 23?
5
Calculate the remainder when 243635 is divided by 11600.
35
Calculate the remainder when 8271 is divided by 131.
18
What is the remainder when 1303 is divided by 516?
271
Calculate the remainder when 1146138 is divided by 56.
42
Calculate the remainder when 584289 is divided by 41.
39
Calculate the remainder when 92201 is divided by 15350.
101
What is the remainder when 37453 is divided by 12484?
1
Calculate the remainder when 681961 is divided by 159.
10
Calculate the remainder when 1301073 is divided by 84.
81
What is the remainder when 17531 is divided by 250?
31
Calculate the remainder when 258328 is divided by 129161.
6
What is the remainder when 68843 is divided by 7?
5
What is the remainder when 448 is divided by 18?
16
What is the remainder when 763988 is divided by 162?
158
Calculate the remainder when 1699 is divided by 802.
95
Calculate the remainder when 7912 is divided by 126.
100
Calculate the remainder when 5135 is divided by 804.
311
What is the remainder when 158053 is divided by 398?
47
Calculate the remainder when 6465 is divided by 829.
662
Calculate the remainder when 10268 is divided by 5076.
116
Calculate the remainder when 7697 is divided by 45.
2
Calculate the remainder when 6055 is divided by 1831.
562
Calculate the remainder when 620799 is divided by 758.
755
Calculate the remainder when 119289 is divided by 12.
9
What is the remainder when 7626 is divided by 15?
6
What is the remainder when 149122 is divided by 350?
22
Calculate the remainder when 32103 is divided by 12.
3
Calculate the remainder when 19134 is divided by 9557.
20
Calculate the remainder when 1356 is divided by 1111.
245
Calculate the remainder when 2209 is divided by 192.
97
Calculate the remainder when 28271 is divided by 9423.
2
What is the remainder when 9120 is divided by 650?
20
Calculate the remainder when 10235 is divided by 4684.
867
Calculate the remainder when 136 is divided by 32.
8
Calculate the remainder when 1031 is divided by 211.
187
Calculate the remainder when 3649 is divided by 3607.
42
Calculate the remainder when 29484 is divided by 100.
84
What is the remainder when 332 is divided by 202?
130
What is the remainder when 613 is divided by 201?
10
What is the remainder when 108433 is divided by 147?
94
What is the remainder when 61385 is divided by 7?
2
What is the remainder when 2038 is divided by 765?
508
What is the remainder when 15385 is divided by 454?
403
What is the remainder when 199517 is divided by 187?
175
Calculate the remainder when 5417 is divided by 1308.
185
What is the remainder when 13594 is divided by 117?
22
Calculate the remainder when 27528 is divided by 467.
442
Calculate the remainder when 20975 is divided by 78.
71
Calculate the remainder when 207951 is divided by 1377.
24
Calculate the remainder when 4174 is divided by 695.
4
Calculate the remainder when 7482 is divided by 3621.
240
What is the remainder when 1391 is divided by 342?
23
What is the remainder when 266944 is divided by 27?
22
Calculate the remainder when 24185 is divided by 164.
77
What is the remainder when 90807 is divided by 16?
7
What is the remainder when 217853 is divided by 114?
113
Calculate the remainder when 9899 is divided by 46.
9
What is the remainder when 13750 is divided by 687?
10
Calculate the remainder when 35145 is divided by 2510.
5
Calculate the remainder when 7495 is divided by 371.
75
Calculate the remainder when 591 is divided by 263.
65
What is the remainder when 281 is divided by 147?
134
What is the remainder when 229982 is divided by 124?
86
Calculate the remainder when 116436 is divided by 40.
36
What is the remainder when 2698 is divided by 441?
52
Calculate the remainder when 509389 is divided by 367.
360
What is the remainder when 241553 is divided by 47?
20
Calculate the remainder when 64696 is divided by 21525.
121
What is the remainder when 11481 is divided by 86?
43
Calculate the remainder when 388047 is divided by 307.
306
Calculate the remainder when 1484 is divided by 304.
268
What is the remainder when 9676 is divided by 210?
16
Calculate the remainder when 28641 is divided by 217.
214
What is the remainder when 23070 is divided by 7509?
543
Calculate the remainder when 43001 is divided by 192.
185
Calculate the remainder when 1108534 is divided by 494.
492
Calculate the remainder when 16254 is divided by 606.
498
What is the remainder when 6332 is divided by 6321?
11
What is the remainder when 3793 is divided by 989?
826
Calculate the remainder when 191252 is divided by 132.
116
What is the remainder when 3193 is divided by 1389?
415
What is the remainder when 7734 is divided by 47?
26
What is the remainder when 1836 is divided by 443?
64
What is the remainder when 8459 is divided by 1690?
9
What is the remainder when 838 is divided by 32?
6
What is the remainder when 50802 is divided by 25378?
46
Calculate the remainder when 2649 is divided by 1324.
1
Calculate the remainder when 8162 is divided by 4068.
26
What is the remainder when 1120 is divided by 101?
9
What is the remainder when 1152994 is divided by 56?
10
What is the remainder when 16288 is divided by 31?
13
Calculate the remainder when 13546 is divided by 162.
100
What is the remainder when 1609 is divided by 33?
25
What is the remainder when 71555 is divided by 89?
88
Calculate the remainder when 176354 is divided by 31.
26
What is the remainder when 17503 is divided by 72?
7
What is the remainder when 33715 is divided by 4?
3
What is the remainder when 28572 is divided by 539?
5
Calculate the remainder when 1533 is divided by 759.
15
What is the remainder when 2072547 is divided by 150?
147
What is the remainder when 14881 is divided by 134?
7
Calculate the remainder when 21754 is divided by 52.
18
What is the remainder when 5833 is divided by 362?
41
Calculate the remainder when 16434 is divided by 143.
132
What is the remainder when 37677 is divided by 359?
341
What is the remainder when 12349 is divided by 6167?
15
What is the remainder when 2095 is divided by 551?
442
What is the remainder when 11413 is divided by 214?
71
Calculate the remainder when 3468 is divided by 577.
6
Calculate the remainder when 3564 is divided by 1184.
12
Calculate the remainder when 20905 is divided by 1230.
1225
Calculate the remainder when 1427 is divided by 47.
17
What is the remainder when 1736 is divided by 299?
241
Calculate the remainder when 33759 is divided by 2411.
5
What is the remainder when 2643 is divided by 66?
3
Calculate the remainder when 40744 is divided by 10043.
572
Calculate the remainder when 4335 is divided by 96.
15
Calculate the remainder when 1517289 is divided by 36.
33
Calculate the remainder when 3843 is divided by 21.
0
What is the remainder when 4359 is divided by 243?
228
What is the remainder when 12433 is divided by 36?
13
Calculate the remainder when 25984 is divided by 25959.
25
Calculate the remainder when 2756 is divided by 811.
323
What is the remainder when 11050 is divided by 36?
34
What is the remainder when 6584 is divided by 79?
27
Calculate the remainder when 1540 is divided by 32.
4
Calculate the remainder when 8830 is divided by 420.
10
What is the remainder when 16546 is divided by 967?
107
Calculate the remainder when 5667 is divided by 1586.
909
Calculate the remainder when 2680250 is divided by 118.
116
What is the remainder when 249364 is divided by 64?
20
Calculate the remainder when 3568 is divided by 326.
308
Calculate the remainder when 5850 is divided by 573.
120
Calculate the remainder when 413492 is divided by 179.
2
What is the remainder when 5416 is divided by 319?
312
What is the remainder when 60071 is divided by 492?
47
What is the remainder when 1846578 is divided by 635?
633
Calculate the remainder when 2055558 is divided by 59.
57
What is the remainder when 2334 is divided by 203?
101
What is the remainder when 156942 is divided by 386?
226
Calculate the remainder when 329197 is divided by 29.
18
Calculate the remainder when 90932 is divided by 38.
36
What is the remainder when 816997 